 i(d).
1
Let r(f) = -f + 7. Suppose 0*a - 72 = -4*a. Let p be (-20)/2*a/(-45). Suppose 2*o - p*o = -12. Give r(o).
1
Let r(g) = 3*g + 2. Let o(y) = -15*y - 12. Let b(i) = -2*o(i) - 11*r(i). Let x = 35 + -18. Suppose 0*s + 2*s = -5*q - x, -s - 4*q - 16 = 0. Determine b(s).
-10
Suppose -7*u + 11 = -3*u - 5*m, 0 = 4*u + 3*m - 19. Let a(o) = 0*o**2 + u*o**2 - 2 - 13*o + 14*o. Determine a(2).
16
Suppose -150*s + 49 = -143*s. Let r(z) = -2*z**2 + 11*z + 27. What is r(s)?
6
Suppose 3*l = 2*q - 25, 2 = -l + 5*q - 15. Let u(j) = 10*j**2 - 41*j + 10. Let x(k) = 3*k**2 - 13*k + 3. Let f(h) = l*x(h) + 2*u(h). What is f(8)?
7
Suppose 0 = -3*y + 12, -7*y + 2*y + 80 = 3*v. Suppose v*x + 40 = -60. Let z(w) = -w**3 - 5*w**2 + 6. What is z(x)?
6
Let c be ((-70)/(-21))/10*1. Let z(f) be the first derivative of -c*f**3 + 2*f + 3/2*f**2 + 18. Calculate z(5).
-8
Let m(v) = -16*v - 1. Let c = 37 - 34. Suppose -5*t + 5*u - 2 = c, -5*t = 5*u + 5. Give m(t).
15
Let n(q) be the third derivative of -q**4/8 + 3*q**3 + 2*q**2 + 4*q. Let v be n(12). Let m be (-11)/33*v/1 - 4. Let t(o) = -o**3 + o**2 - 4*o + 3. What is t(m)?
-9
Let h be (-22995)/2079 + 16/264. Let j(t) = t**3 + 9*t**2 - 27*t - 56. What is j(h)?
-1
Let y(p) = 6*p**2 - 119*p - 1 + 242*p - 125*p. Let m(u) = -u**3 + 5*u**2 - 4*u + 2. Let x be m(4). Let w be (-1)/2*(0 + x). Calculate y(w).
7
Let u(l) = 44 - 88 - 75 - 87158*l + 87141*l. Give u(-9).
34
Let p(o) = 0*o + 3 + 1 - 16 - 3 - 13*o. Give p(-1).
-2
Suppose -4*c + 348 = 260. Suppose 10*y - 36 = c*y. Let h be ((-9)/15)/(y/10). Let o(i) = i**3 - 2*i**2 + 1. What is o(h)?
1
Let x(o) = -1. Let y(b) = 2*b - 14. Let k(a) = -8*x(a) - y(a). Let w be k(10). Suppose 4*z - 8 = p - 3*p, -w*p + 26 = -5*z. Let f(q) = -q + 12. Calculate f(p).
4
Let c = 14 + -18. Let x(t) = -t - 6. Let w be x(c). Let u(s) = -11*s**2 + 17*s + 11. Let q(p) = 5*p**2 - 8*p - 5. Let n(k) = -13*q(k) - 6*u(k). Calculate n(w).
-1
Let s(r) = -3*r - 1. Let y(k) = k**3 - 10*k**2 + 4*k - 41. Let d = -225 + 235. Let f be y(d). Calculate s(f).
2
Let j(n) be the third derivative of 1/60*n**5 + 1/24*n**4 - 135 + 0*n - 13/6*n**3 + 2*n**2. Give j(0).
-13
Let x(p) = p - 9. Let z be x(6). Let d be 0 - ((z - (-3 - 4)) + -2). Let t be (-5 - (-13)/3)*(-3)/d. Let g(l) = 19*l**2 - 2*l - 1. Give g(t).
20
Let j(w) = w**2 - 9*w - 40. Let u be 1/(7/(-679)) + 6. Let k = u + 103. Calculate j(k).
-4
Let c(s) = -s**2 - 2*s. Let w be (-10)/45 + 300/135. Determine c(w).
-8
Let j(f) = 377*f**2 - 1131*f - 3. Let z be j(3). Let u(x) = 9*x**2 - 6*x. Let m(k) = 5*k**2 - 3*k. Let t(d) = -11*m(d) + 6*u(d). Give t(z).
0
Let a be 0*2/(4 - 0). Let n(r) be the second derivative of -r**5/20 + r**4/12 + r**3/6 - 11*r**2/2 + 374*r. Calculate n(a).
-11
Let t be 20 - (25/((-475)/(-247)) + 0 + -5). Let i(k) = -k**3 + 12*k**2 - k + 12. What is i(t)?
0
Let c(f) be the first derivative of f**4/4 + 5*f**3 + 23*f**2/2 - 28*f + 638. What is c(-13)?
11
Suppose p + 33 = 15*b - 10*b, 4*p = b + 1. Let a(u) be the third derivative of 0 + u**2 - 1/8*u**4 + 0*u + 0*u**3. Calculate a(p).
-6
Let q(k) = -k**3 - 3*k**2 + 13*k - 29. Let g be q(-6). Let p(i) = -119*i + g + 59*i + 59*i. Calculate p(8).
-7
Let l(f) = 22*f**2 + 11*f + 1. Let i(j) = -13*j**2 - 5*j. Let p(c) = 2*i(c) + l(c). What is p(-1)?
-4
Suppose -5*k + 2*l = -40, -k = -3*k + 4*l + 16. Let q be k + (0 - (1 + (-3)/3)). Let d(m) = 6 - 10*m - m + q*m. What is d(4)?
-6
Let l(u) = 28*u**3 - 291*u**2 - 44*u + 153. Let j(q) = 3*q**3 - 31*q**2 - 5*q + 17. Let d(m) = -19*j(m) + 2*l(m). Calculate d(6).
61
Let h(r) = r**2 - 12*r + 13. Suppose d = -5, -3*y - 2*d + 58 = -7*d. Let f be h(y). Let i(c) = -9*c**2 + 1 - f*c + 0*c + 8*c**2 + c. Give i(1).
-1
Let x(q) be the first derivative of -q**5/60 + q**4/6 - q**3/3 + 34*q**2 - 108. Let w(u) be the third derivative of x(u). Determine w(-7).
18
Let a be ((-7)/(-4) - 1)*(52 - (66 + -18)). Let x(i) = 3*i**2 + 19*i. Let n(k) = -k**2 - 5*k. Let r(q) = 22*n(q) + 6*x(q). Give r(a).
-24
Let b(v) = 4*v + 33. Let q be b(-7). Let h(w) = 4*w**2 - 5*w - 10. Calculate h(q).
65
Suppose -25*d = 195 + 205. Let n be d + 20 + -7 + 1. Let s(p) = 3*p - 1. Determine s(n).
-7
Let g be 3 + (-1 + -2)/3. Suppose g*u = n - 9 - 0, 0 = 2*n + 2*u + 6. Let c be 14/(-21) + 1 + n/(-3). Let o(p) = p**3. What is o(c)?
0
Let o(z) = z + 38. Let l = -3998 - -3987. Determine o(l).
27
Suppose 45 = -2*x + 11*x. Suppose 15 = 10*z + x. Let f(t) be the second derivative of -2*t**3/3 + t**2/2 - t. Give f(z).
-3
Let f be 6*(10*-1 - (-1364)/132). Let s(h) be the second derivative of 1/6*h**4 - f*h**2 - 1/3*h**3 + 21*h + 0. Calculate s(-3).
20
Let f(a) = 127*a - 5 + 0 - 236*a**2 - 146*a - 2 - 4*a**3 + 278*a**2. Calculate f(10).
3
Let b(p) = 2*p - 68. Let v be -31 + (-14900)/(-240) + (-2)/24. Give b(v).
-6
Suppose 4*i + 0*i = 0. Let b(y) = -7*y**2 + 3*y + 123. Let f(k) = 25*k**2 - 11*k - 434. Let c(s) = -18*b(s) - 5*f(s). Give c(i).
-44
Let y(n) = 2335 - 5*n**2 + n**3 - 1166 - 1159 - n. Determine y(4).
-10
Let x = 972 + -969. Let w(g) = g**3 - 4*g**2 + 4*g + 1. Determine w(x).
4
Let g(p) = -p**3 + 158 - 6*p**2 + 13*p**2 - 2*p - 68 - 54 - 51. What is g(6)?
9
Suppose -2*i - 4*u = 2, 18*u - 13*u = -i - 10. Let f(m) = -m - 14. Calculate f(i).
-19
Let q(s) = -s**2 - 12*s - 16. Suppose -5*j + 351 = -3*i, 0*i + 5*i = -5*j + 335. Suppose 0 = 8*g + j + 19. Give q(g).
-5
Let x(s) = s**3 + 2*s**2 - s - 3. Let p be (-6 - -1)*-1*(-400)/125. Let d = p + 13. Give x(d).
-9
Let d(n) = -12 + 3 + 2*n**2 - 101*n**3 + 102*n**3 - 10*n. What is d(-4)?
-1
Let f(v) be the first derivative of 3*v**2 - 15*v - 4594. What is f(9)?
39
Let g(i) = -3*i**3 + 33*i**2 + 14*i - 20. Let h(c) = 2*c**3 - 30*c**2 - 15*c + 20. Let r(v) = -3*g(v) - 4*h(v). Determine r(-20).
20
Let k(x) = -x**2 - 5*x + 35. Let l be k(4). Let o(g) = g**3 - g**2 + 1. Let t(z) = -3*z**3 + 15*z**2 + z - 5. Let f(n) = l*t(n) - 4*o(n). What is f(-11)?
12
Let k(b) = 109 + 902*b - 898*b + b**2 - b**3 - 3*b**2 - 109. What is k(2)?
-8
Let g(u) = -62 + 66 + 10*u**2 + 8*u**2 - 37*u - u**3 + 19*u**2 + 34. Calculate g(36).
2
Let p(k) = 15*k + 104. Let a(g) = -17*g - 101. Let o(v) = -6*a(v) - 5*p(v). Let l be o(-3). Let q(d) = -d**3 + 4*d**2 + 6*d + 5. What is q(l)?
10
Let m(z) = z**3 + z + 22. Let a = 125 + -64. Let s = a + -61. Suppose s*v + 8*v = 0. What is m(v)?
22
Let o(n) = -67*n**2 - 10*n + 1. Let c(g) = 59*g**2 + 9*g - 1. Let a(v) = 7*c(v) + 6*o(v). Calculate a(-2).
37
Suppose -20*k + 11 = -9*k. Let j(x) = 6 - 9*x**2 - x**3 + 5*x + 5*x - k + 0*x**2. Calculate j(-10).
5
Let r = -4065 - -4056. Let y(t) = -12*t - 24. Give y(r).
84
Let g(c) = -20*c + 6*c**2 + 2 + 7*c - c**3 + 7*c + 4*c. Suppose 3*r = -x - 8, 3*x - 4*x - r = 6. Let i be (-50)/(-8) + x/20. What is g(i)?
-10
Let q(p) = -6*p + 3. Let a(d) = 2*d**3 + 2*d**2 - 8*d - 7. Let x be a(4). Let i = 120 - x. Let c be (-15)/((-15)/3) + i. Determine q(c).
-9
Let c(f) = f - 1. Let s be 2 + (-7)/6 - (-27)/162. Let t(q) = 8 - 2*q + 2 - 11. Let b(w) = s*t(w) + 3*c(w). What is b(-4)?
-8
Let s(n) be the third derivative of n**5/60 - n**4/8 - n**3 - 26*n**2. Let z be 120/(-140) - (-123)/21. Calculate s(z).
4
Let z = -15081 - -15094. Let o(a) = a**3 - 13*a**2 + a - 20. Determine o(z).
-7
Let z(w) = -15*w**2 + 168*w - 23. Let q = 17720 - 17709. Give z(q).
10
Let z(x) be the second derivative of x**6/720 + x**5/24 + x**4/6 + 3*x**3/2 + 53*x. Let g(o) be the third derivative of z(o). Calculate g(-4).
1
Let l be (5470*-1)/(11/((-33)/6)). Let k(c) = -4*c**2 + 5472 - 2737 - 8*c + 2*c**2 - l. What is k(-4)?
0
Let g(y) = 3*y. Let d be (2 - 25) + 2 - (10 - 12). Let r = d - 91. Let x = r - -116. Give g(x).
18
Let r = -3643 - -3630. Let o(a) = -8*a - 109. Calculate o(r).
-5
Let f = -269914 - -269913. Let p(a) = -a**2 + 5*a - 4. Let h be p(4). Let j(d) = d + 3*d + h*d. Calculate j(f).
-4
Suppose 0 = 8*v - 91*v + 498. Let h(x) = x**3 - 4*x**2 - 8*x - 18. What is h(v)?
6
Let j(a) = a**3 - 7*a**2 - 5*a + 26. Suppose 498*w - 2678 = 808. Determine j(w).
-9
Let q = 76 - 75. Suppose q = 4*f + 3*z, -3*f - 8 = -z + 1. Let d(k) = -k**2 - 2*k - 1. What is d(f)?
-1
Let p(u) = u**2 + 11*u + 7. Let i(q) = -23*q + 125. Let j be i(-22). Let t = 623 - j. Calculate p(t).
-17
Let q(w) = 3*w + 14. Let k be q(-5). Let u be k*((-36)/(-3) - 5)*1. Let d(b) = -b**3